or of 112 and 176.
16
Calculate the greatest common factor of 25899 and 388.
97
Calculate the greatest common factor of 20 and 270.
10
Calculate the highest common factor of 7 and 3143.
7
What is the greatest common factor of 440 and 80?
40
What is the highest common divisor of 350 and 42?
14
What is the greatest common factor of 987 and 21?
21
Calculate the greatest common factor of 56 and 60200.
56
What is the highest common divisor of 4033 and 37?
37
What is the highest common divisor of 69 and 7521?
69
Calculate the highest common divisor of 4661 and 79.
79
Calculate the highest common divisor of 104 and 7852.
52
What is the greatest common factor of 388 and 16?
4
Calculate the highest common divisor of 1272 and 477.
159
What is the greatest common factor of 69 and 27?
3
What is the greatest common factor of 267 and 445?
89
Calculate the greatest common divisor of 9821 and 3843.
427
What is the highest common divisor of 16 and 656?
16
What is the highest common divisor of 143 and 11?
11
Calculate the highest common factor of 19 and 16.
1
What is the highest common divisor of 112 and 42?
14
Calculate the greatest common divisor of 378 and 28.
14
What is the greatest common divisor of 27 and 396?
9
Calculate the highest common divisor of 159 and 27.
3
What is the greatest common divisor of 153 and 9?
9
What is the greatest common factor of 111 and 258?
3
Calculate the greatest common divisor of 51 and 1479.
51
What is the greatest common factor of 170 and 4?
2
What is the highest common factor of 90 and 27?
9
Calculate the greatest common divisor of 43260 and 56.
28
What is the greatest common factor of 6929 and 169?
169
Calculate the highest common divisor of 162 and 450.
18
Calculate the greatest common divisor of 1908 and 3392.
212
Calculate the greatest common divisor of 83 and 1743.
83
Calculate the highest common divisor of 176 and 2200.
88
Calculate the greatest common divisor of 375 and 285.
15
What is the highest common divisor of 36 and 576?
36
Calculate the highest common divisor of 93 and 341.
31
Calculate the highest common factor of 72 and 378.
18
What is the highest common factor of 3152 and 16?
16
Calculate the highest common divisor of 870 and 165.
15
What is the greatest common factor of 261 and 29?
29
What is the greatest common factor of 64 and 14?
2
What is the highest common divisor of 98 and 3038?
98
Calculate the greatest common factor of 291 and 2522.
97
What is the greatest common divisor of 40 and 200?
40
What is the highest common factor of 351 and 26?
13
Calculate the highest common divisor of 243 and 9.
9
Calculate the greatest common divisor of 22 and 1562.
22
Calculate the greatest common divisor of 246 and 5699.
41
What is the greatest common divisor of 3664 and 16?
16
What is the greatest common divisor of 1275 and 10?
5
Calculate the highest common divisor of 13 and 832.
13
What is the highest common factor of 5 and 215?
5
Calculate the greatest common factor of 1005 and 15.
15
Calculate the highest common factor of 25 and 15.
5
What is the highest common divisor of 6080 and 475?
95
Calculate the highest common factor of 6191 and 151.
151
Calculate the highest common divisor of 15 and 3645.
15
Calculate the greatest common divisor of 976 and 61.
61
What is the highest common factor of 102 and 9?
3
What is the greatest common factor of 36 and 6444?
36
Calculate the greatest common divisor of 183 and 6.
3
Calculate the highest common factor of 48 and 54.
6
Calculate the greatest common factor of 20 and 16.
4
What is the greatest common factor of 1663 and 1?
1
Calculate the highest common divisor of 228 and 60.
12
What is the highest common divisor of 30 and 3255?
15
Calculate the highest common factor of 27325 and 50.
25
What is the greatest common factor of 60 and 660?
60
What is the highest common factor of 35 and 49?
7
What is the greatest common divisor of 13 and 208?
13
What is the greatest common divisor of 77 and 35?
7
Calculate the greatest common factor of 15 and 39.
3
Calculate the greatest common divisor of 8 and 164.
4
What is the highest common factor of 76 and 836?
76
What is the highest common factor of 188 and 36?
4
Calculate the greatest common factor of 8 and 284.
4
What is the highest common factor of 81 and 36126?
81
Calculate the greatest common divisor of 36 and 183.
3
Calculate the greatest common divisor of 11840 and 128.
64
What is the highest common divisor of 286 and 26?
26
What is the highest common factor of 338 and 208?
26
What is the greatest common factor of 9260 and 25?
5
Calculate the highest common divisor of 50 and 1070.
10
What is the highest common factor of 72 and 5448?
24
What is the highest common divisor of 49 and 1323?
49
What is the greatest common divisor of 50 and 10?
10
What is the highest common factor of 72 and 936?
72
Calculate the greatest common factor of 11160 and 93.
93
Calculate the greatest common divisor of 12 and 101412.
12
What is the highest common factor of 18 and 45774?
18
Calculate the greatest common factor of 645 and 2838.
129
What is the greatest common divisor of 288 and 252?
36
Calculate the highest common factor of 152 and 190.
38
Calculate the greatest common divisor of 21 and 9.
3
Calculate the greatest common factor of 86 and 2881.
43
What is the greatest common factor of 82 and 3239?
41
Calculate the greatest common factor of 24 and 30.
6
Calculate the highest common divisor of 1108 and 831.
277
Calculate the highest common factor of 42 and 5894.
14
What is the highest common divisor of 17686 and 74?
74
What is the greatest common factor of 36 and 198?
18
Calculate the greatest common divisor of 1 and 25.
1
What is the highest common factor of 660 and 120?
60
What is the highest common divisor of 1 and 175?
1
Calculate the highest common factor of 696 and 132.
12
What is the greatest common divisor of 116 and 41876?
116
What is the highest common divisor of 238 and 14?
14
Calculate the highest common divisor of 13725 and 225.
225
Calculate the highest common factor of 819 and 243.
9
Calculate the greatest common divisor of 1860 and 40.
20
Calculate the greatest common divisor of 711 and 60.
3
Calculate the greatest common factor of 18 and 738.
18
What is the greatest common divisor of 9 and 117?
9
What is the highest common factor of 170 and 275?
5
What is the greatest common factor of 54 and 2?
2
Calculate the highest common factor of 45 and 198.
9
What is the highest common factor of 462 and 616?
154
Calculate the greatest common divisor of 7396 and 172.
172
What is the greatest common factor of 12 and 1848?
12
Calculate the greatest common factor of 25 and 195.
5
What is the greatest common factor of 292 and 1606?
146
What is the greatest common factor of 64 and 6?
2
What is the greatest common divisor of 176 and 32?
16
What is the highest common divisor of 53 and 901?
53
What is the greatest common factor of 143 and 319?
11
Calculate the highest common divisor of 16 and 35408.
16
What is the highest common factor of 11 and 1232?
11
Calculate the highest common factor of 76 and 5339.
19
Calculate the greatest common factor of 84 and 1608.
12
Calculate the highest common factor of 31 and 31.
31
What is the highest common divisor of 685 and 205?
5
What is the highest common factor of 5910 and 150?
30
Calculate the highest common factor of 40 and 52300.
20
Calculate the highest common divisor of 48 and 56.
8
What is the highest common factor of 69 and 506?
23
Calculate the highest common divisor of 1456 and 16.
16
Calculate the greatest common divisor of 108 and 972.
108
What is the greatest common factor of 34 and 374?
34
What is the highest common divisor of 7826 and 28?
14
Calculate the highest common factor of 120 and 48.
24
Calculate the highest common factor of 1829 and 217.
31
What is the highest common divisor of 12 and 1692?
12
What is the highest common factor of 153 and 18?
9
What is the greatest common divisor of 429 and 121?
11
What is the highest common factor of 2 and 134?
2
Calculate the greatest common factor of 128 and 7264.
32
Calculate the highest common divisor of 90 and 432.
18
What is the greatest common divisor of 564 and 24?
12
What is the greatest common divisor of 4234 and 58?
58
What is the highest common